{"id":205,"date":"2020-05-02T14:44:50","date_gmt":"2020-05-02T12:44:50","guid":{"rendered":"https:\/\/dallay.net\/here\/?page_id=205"},"modified":"2020-05-02T14:44:50","modified_gmt":"2020-05-02T12:44:50","slug":"la-frittata-aux-courgettes","status":"publish","type":"page","link":"https:\/\/dallay.net\/here\/index.php\/la-frittata-aux-courgettes\/","title":{"rendered":"La frittata aux courgettes"},"content":{"rendered":"\n<p>Pour 6, cuisson 15 minutes<br>La cuill\u00e8re d&rsquo;argent<\/p>\n\n\n\n<p>Ingr\u00e9dients<\/p>\n\n\n\n<ul><li>3 cuill\u00e8res \u00e0 soupe huile olive<\/li><li>beurre (70 g : 35 + 35)<\/li><li>500 g de courgettes finement \u00e9minc\u00e9es<\/li><li>sel, poivre<\/li><li>8 \u0153ufs.<\/li><\/ul>\n\n\n\n<p>Pr\u00e9paration<br>Chauffer l&rsquo;huile et la moiti\u00e9 du beurre dans une po\u00eale et y cuire les courgettes 10 minutes en remuant de temps en temps. Ajouter sel, poivre et la fin du beurre.<br>Battre les \u0153ufs avec une pinc\u00e9e de sel et ajouter \u00e0 la po\u00eale. Faire dorer des deux c\u00f4t\u00e9s.<br>Elle se sert chaude ou froide.<\/p>\n","protected":false},"excerpt":{"rendered":"<p>Pour 6, cuisson 15 minutesLa cuill\u00e8re d&rsquo;argent Ingr\u00e9dients 3 cuill\u00e8res \u00e0 soupe huile olive beurre (70 g : 35 + 35) 500 g de courgettes finement \u00e9minc\u00e9es sel, poivre 8 \u0153ufs. Pr\u00e9parationChauffer l&rsquo;huile et la &hellip;<\/p>\n","protected":false},"author":2,"featured_media":0,"parent":0,"menu_order":0,"comment_status":"closed","ping_status":"closed","template":"","meta":[],"_links":{"self":[{"href":"https:\/\/dallay.net\/here\/index.php\/wp-json\/wp\/v2\/pages\/205"}],"collection":[{"href":"https:\/\/dallay.net\/here\/index.php\/wp-json\/wp\/v2\/pages"}],"about":[{"href":"https:\/\/dallay.net\/here\/index.php\/wp-json\/wp\/v2\/types\/page"}],"author":[{"embeddable":true,"href":"https:\/\/dallay.net\/here\/index.php\/wp-json\/wp\/v2\/users\/2"}],"replies":[{"embeddable":true,"href":"https:\/\/dallay.net\/here\/index.php\/wp-json\/wp\/v2\/comments?post=205"}],"version-history":[{"count":1,"href":"https:\/\/dallay.net\/here\/index.php\/wp-json\/wp\/v2\/pages\/205\/revisions"}],"predecessor-version":[{"id":206,"href":"https:\/\/dallay.net\/here\/index.php\/wp-json\/wp\/v2\/pages\/205\/revisions\/206"}],"wp:attachment":[{"href":"https:\/\/dallay.net\/here\/index.php\/wp-json\/wp\/v2\/media?parent=205"}],"curies":[{"name":"wp","href":"https:\/\/api.w.org\/{rel}","templated":true}]}}