{"id":209,"date":"2020-05-02T14:47:35","date_gmt":"2020-05-02T12:47:35","guid":{"rendered":"https:\/\/dallay.net\/here\/?page_id=209"},"modified":"2020-05-02T14:47:35","modified_gmt":"2020-05-02T12:47:35","slug":"les-pates-aux-carottes-et-courgettes","status":"publish","type":"page","link":"https:\/\/dallay.net\/here\/index.php\/les-pates-aux-carottes-et-courgettes\/","title":{"rendered":"Les p\u00e2tes aux carottes et courgettes"},"content":{"rendered":"\n<p>Peut se faire avec autres l\u00e9gumes<br>pour 500g p\u00e2tes (linguines ou spaghettis)<br>4 carottes<br>2 courgettes<br>20cl cr\u00e8me fra\u00eeche<br>40g beurre et 2 c \u00e0 soupe huile olive<\/p>\n\n\n\n<ul><li>1 gousse ail, sel, poivre, Parmesan<\/li><\/ul>\n\n\n\n<p>Pr\u00e9paration<br>Laver les courgettes et \u00e9plucher les carottes. Faire bouillir l&rsquo;eau des p\u00e2tes.<br>Carottes: les couper en spaghettis fines ( avec taille l\u00e9gumes ) ou en julienne ( avec rasoir \u00e0 juliennes) (\u00e0 d\u00e9faut les hacher avec grosse r\u00e2pe). Dans une po\u00eale faire fondre 20g de beurre et une c \u00e0 soupe huile olive. Ajouter les carottes et laisser dorer lentement environ 10 minutes. Salez et poivrez. Maintenir au chaud.<br>Courgettes : Ne pas les peler et les couper en spaghettis fines. Dans une po\u00eale faire fondre le beurre et huile olive et revenir l&rsquo;ail hach\u00e9. Puis ajouter les courgettes et les laisser dorer environ 2-3 minutes. Salez et poivrez.<br>Des que les p\u00e2tes sont cuites, ajouter les l\u00e9gumes et la cr\u00e8me, m\u00e9langer et s\u00e9vir avec du parmesan.<br>Variante aubergine: laver une grosse aubergine et la d\u00e9tailler en tagliatelles \u00e0 l&rsquo;aide du rasoir. Chauffer 10cl huile d&rsquo;olive et y d\u00e9poser les tagliatelles bien \u00e0 plat, saler et poivrer. Faire revenir 5 min de chaque c\u00f4t\u00e9 jusqu&rsquo;\u00e0 ce qu&rsquo;elle soit bien dor\u00e9e et \u00e9goutter sur du papier absorbant.<\/p>\n","protected":false},"excerpt":{"rendered":"<p>Peut se faire avec autres l\u00e9gumespour 500g p\u00e2tes (linguines ou spaghettis)4 carottes2 courgettes20cl cr\u00e8me fra\u00eeche40g beurre et 2 c \u00e0 soupe huile olive 1 gousse ail, sel, poivre, Parmesan Pr\u00e9parationLaver les courgettes et \u00e9plucher les &hellip;<\/p>\n","protected":false},"author":2,"featured_media":0,"parent":0,"menu_order":0,"comment_status":"closed","ping_status":"closed","template":"","meta":[],"_links":{"self":[{"href":"https:\/\/dallay.net\/here\/index.php\/wp-json\/wp\/v2\/pages\/209"}],"collection":[{"href":"https:\/\/dallay.net\/here\/index.php\/wp-json\/wp\/v2\/pages"}],"about":[{"href":"https:\/\/dallay.net\/here\/index.php\/wp-json\/wp\/v2\/types\/page"}],"author":[{"embeddable":true,"href":"https:\/\/dallay.net\/here\/index.php\/wp-json\/wp\/v2\/users\/2"}],"replies":[{"embeddable":true,"href":"https:\/\/dallay.net\/here\/index.php\/wp-json\/wp\/v2\/comments?post=209"}],"version-history":[{"count":1,"href":"https:\/\/dallay.net\/here\/index.php\/wp-json\/wp\/v2\/pages\/209\/revisions"}],"predecessor-version":[{"id":210,"href":"https:\/\/dallay.net\/here\/index.php\/wp-json\/wp\/v2\/pages\/209\/revisions\/210"}],"wp:attachment":[{"href":"https:\/\/dallay.net\/here\/index.php\/wp-json\/wp\/v2\/media?parent=209"}],"curies":[{"name":"wp","href":"https:\/\/api.w.org\/{rel}","templated":true}]}}