{"id":240,"date":"2020-05-02T15:20:14","date_gmt":"2020-05-02T13:20:14","guid":{"rendered":"https:\/\/dallay.net\/here\/?page_id=240"},"modified":"2020-05-02T18:14:29","modified_gmt":"2020-05-02T16:14:29","slug":"les-succulentes-lasagnes-vegetariennes","status":"publish","type":"page","link":"https:\/\/dallay.net\/here\/index.php\/les-succulentes-lasagnes-vegetariennes\/","title":{"rendered":"Les succulentes lasagnes v\u00e9g\u00e9tariennes d&rsquo;Elisabeth"},"content":{"rendered":"\n<p>Pour 6 Pr\u00e9paration 30 min cuisson 20 min<br>Extrait livre Recettes au fromage, Marabout<\/p>\n\n\n\n<p><strong>Ingr\u00e9dients<\/strong><\/p>\n\n\n\n<ul><li>8 feuilles lasagnes pr\u00e9cuites Barrilla (\u00e0 cuire m\u00eame si pr\u00e9cuites) ou grand rouleau p\u00e2te fra\u00eeche Herta.<\/li><li>7 tomates grappa (moyennes) \u00e9p\u00e9pin\u00e9es grossi\u00e8rement et en petits morceaux.<\/li><li>8 tomates confites coup\u00e9es finement<\/li><li>2 c \u00e0 soupe pesto<\/li><li>1 boule mozzarella en tranche<\/li><li>300g Saint Moret<\/li><li>2 \u00e0 3 pinc\u00e9es piment d&rsquo;Espelette en poudre ou 2 \u00e0 3 cuill\u00e8re \u00e0 caf\u00e9 pur\u00e9e de piment<br>1 bocal d&rsquo;olives vertes d\u00e9noyaut\u00e9es coup\u00e9es en petits morceaux (150g)<\/li><\/ul>\n\n\n\n<p><strong>Pr\u00e9paration<\/strong><br>Dans un saladier m\u00e9langer les tomates, les tomates confites et le pesto. Saler l\u00e9g\u00e8rement et poivrer. Dans un bol, m\u00e9langer le Saint Moret avec le piment (gouter pour \u00e9picer \u00e0 souhait) et les olives, poivrer.<br>Faire cuire lasagnes dans l&rsquo;eau bouillante 4 \u00e0 la fois 2 minutes en les d\u00e9collant (sauf si p\u00e2te fra\u00eeche Herta: ne pas pr\u00e9cuire mais si pour 12 personnes ne faire que 3 couches: une lasgagne puis 1\/2 tomates, lasagne, tout le saint Moret, lasagne et autre 1\/2 tomates).<br>Disposer dans plat carr\u00e9:<br>2 feuilles lasagne puis moiti\u00e9 Saint Moret au piment puis 2 feuilles lasagne puis moiti\u00e9 tomates au pesto et renouveler l&rsquo;op\u00e9ration. Terminer en mettant la mozzarella sur le dernier \u00e9tage de tomates.<br>Enfourner \u00e0 180\u00b0 position traditionnel puls\u00e9 ( = chaleur tournante) 20 minutes et terminer en passant 1 minutes au gril.<\/p>\n","protected":false},"excerpt":{"rendered":"<p>Pour 6 Pr\u00e9paration 30 min cuisson 20 minExtrait livre Recettes au fromage, Marabout Ingr\u00e9dients 8 feuilles lasagnes pr\u00e9cuites Barrilla (\u00e0 cuire m\u00eame si pr\u00e9cuites) ou grand rouleau p\u00e2te fra\u00eeche Herta. 7 tomates grappa (moyennes) \u00e9p\u00e9pin\u00e9es &hellip;<\/p>\n","protected":false},"author":2,"featured_media":0,"parent":0,"menu_order":0,"comment_status":"closed","ping_status":"closed","template":"","meta":[],"_links":{"self":[{"href":"https:\/\/dallay.net\/here\/index.php\/wp-json\/wp\/v2\/pages\/240"}],"collection":[{"href":"https:\/\/dallay.net\/here\/index.php\/wp-json\/wp\/v2\/pages"}],"about":[{"href":"https:\/\/dallay.net\/here\/index.php\/wp-json\/wp\/v2\/types\/page"}],"author":[{"embeddable":true,"href":"https:\/\/dallay.net\/here\/index.php\/wp-json\/wp\/v2\/users\/2"}],"replies":[{"embeddable":true,"href":"https:\/\/dallay.net\/here\/index.php\/wp-json\/wp\/v2\/comments?post=240"}],"version-history":[{"count":2,"href":"https:\/\/dallay.net\/here\/index.php\/wp-json\/wp\/v2\/pages\/240\/revisions"}],"predecessor-version":[{"id":328,"href":"https:\/\/dallay.net\/here\/index.php\/wp-json\/wp\/v2\/pages\/240\/revisions\/328"}],"wp:attachment":[{"href":"https:\/\/dallay.net\/here\/index.php\/wp-json\/wp\/v2\/media?parent=240"}],"curies":[{"name":"wp","href":"https:\/\/api.w.org\/{rel}","templated":true}]}}