{"id":298,"date":"2020-05-02T16:23:26","date_gmt":"2020-05-02T14:23:26","guid":{"rendered":"https:\/\/dallay.net\/here\/?page_id=298"},"modified":"2020-05-02T16:23:26","modified_gmt":"2020-05-02T14:23:26","slug":"la-mousse-au-chocolat","status":"publish","type":"page","link":"https:\/\/dallay.net\/here\/index.php\/la-mousse-au-chocolat\/","title":{"rendered":"La mousse au chocolat"},"content":{"rendered":"\n<p>Pour 8-10 (13-15 et 16-20)<\/p>\n\n\n\n<p><strong>Ingr\u00e9dients<\/strong><\/p>\n\n\n\n<ul><li>250g chocolat noir Nestl\u00e9 dessert (375 &#8211; 500) [<em>\u00e7a semble peu&#8230;<\/em>]<\/li><li>60g beurre (90- 120)<\/li><li>6 c \u00e0 caf\u00e9 extrait caf\u00e9 (9-12)<\/li><li>2 c \u00e0 soupe sucre (3-4)<\/li><li>8 \u0153ufs blancs et jaunes s\u00e9par\u00e9s ( 12 &#8211; 16)<br>CHANTILLY: 100g cr\u00e8me fra\u00eeche liquide tr\u00e8s froide (pas all\u00e9g\u00e9e) + 30g sucre glace.<\/li><\/ul>\n\n\n\n<p><strong>Pr\u00e9paration<\/strong><br>Faire fondre chocolat + beurre + caf\u00e9 ( micro onde sur doux = 440w 4 \u00e0 6 min)<br>Puis ajouter un \u00e0 un jaune d&rsquo;oeuf et sucre.<br>Battre blancs en neige ferme et les verser d\u00e9licatement dans le chocolat en tournant avec cuill\u00e8re en bois.<br>Mettre plusieurs heures au frais.<\/p>\n","protected":false},"excerpt":{"rendered":"<p>Pour 8-10 (13-15 et 16-20) Ingr\u00e9dients 250g chocolat noir Nestl\u00e9 dessert (375 &#8211; 500) [\u00e7a semble peu&#8230;] 60g beurre (90- 120) 6 c \u00e0 caf\u00e9 extrait caf\u00e9 (9-12) 2 c \u00e0 soupe sucre (3-4) 8 &hellip;<\/p>\n","protected":false},"author":2,"featured_media":0,"parent":0,"menu_order":0,"comment_status":"closed","ping_status":"closed","template":"","meta":[],"_links":{"self":[{"href":"https:\/\/dallay.net\/here\/index.php\/wp-json\/wp\/v2\/pages\/298"}],"collection":[{"href":"https:\/\/dallay.net\/here\/index.php\/wp-json\/wp\/v2\/pages"}],"about":[{"href":"https:\/\/dallay.net\/here\/index.php\/wp-json\/wp\/v2\/types\/page"}],"author":[{"embeddable":true,"href":"https:\/\/dallay.net\/here\/index.php\/wp-json\/wp\/v2\/users\/2"}],"replies":[{"embeddable":true,"href":"https:\/\/dallay.net\/here\/index.php\/wp-json\/wp\/v2\/comments?post=298"}],"version-history":[{"count":1,"href":"https:\/\/dallay.net\/here\/index.php\/wp-json\/wp\/v2\/pages\/298\/revisions"}],"predecessor-version":[{"id":299,"href":"https:\/\/dallay.net\/here\/index.php\/wp-json\/wp\/v2\/pages\/298\/revisions\/299"}],"wp:attachment":[{"href":"https:\/\/dallay.net\/here\/index.php\/wp-json\/wp\/v2\/media?parent=298"}],"curies":[{"name":"wp","href":"https:\/\/api.w.org\/{rel}","templated":true}]}}