{"id":350,"date":"2020-05-02T19:10:50","date_gmt":"2020-05-02T17:10:50","guid":{"rendered":"https:\/\/dallay.net\/here\/?page_id=350"},"modified":"2020-05-03T11:10:42","modified_gmt":"2020-05-03T09:10:42","slug":"le-mojito-de-tata-marie","status":"publish","type":"page","link":"https:\/\/dallay.net\/here\/index.php\/le-mojito-de-tata-marie\/","title":{"rendered":"Le Mojito de tata Marie"},"content":{"rendered":"\n<p><strong>Ingr\u00e9dients pour 6 personnes<\/strong><\/p>\n\n\n\n<ul><li>24 cl de rhum blanc<\/li><li>12 cl de sirop de sucre de canne<\/li><li>24 feuilles de menthe<\/li><li>3 citrons verts<\/li><li>eau gazeuse \u00e0 discr\u00e9tion<\/li><li>30 gla\u00e7ons<\/li><\/ul>\n\n\n\n<p><strong>Pr\u00e9paration<\/strong><br><br>\u00c9TAPE 1 : Pilez la glace<br>Mettez vos gla\u00e7ons dans un torchon, refermez-le puis, \u00e0 l&rsquo;aide d&rsquo;un rouleau \u00e0 p\u00e2tisserie, pilez la glace.<\/p>\n\n\n\n<p>\u00c9TAPE 2 : Glace pil\u00e9e<br>Vous pouvez encore avoir des morceaux. Versez dans un bol et r\u00e9servez au cong\u00e9lateur.<\/p>\n\n\n\n<p>\u00c9TAPE 3 : Versez les feuilles de menthe dans chaque verre<br>On ne d\u00e9chire pas les feuilles de menthe car les huiles essentielles se situent sur la surface. Cela permet aussi de ne pas avoir de petits bouts de menthe qui vont bloquer la paille. On les d\u00e9pose juste au fond du verre.<\/p>\n\n\n\n<p>\u00c9TAPE 4 : Coupez le citron<br>Coupez le citron en deux puis chaque demi citron en 6 morceaux.<\/p>\n\n\n\n<p>\u00c9TAPE 5 : Ajoutez le citron dans chaque verre<br>Ajoutez les 6 morceaux de citron dans chaque verre (1\/2 citron).<\/p>\n\n\n\n<p>\u00c9TAPE 6 : Ajoutez le sirop de sucre de canne<br>Ajoutez le sirop de sucre de canne. Le fait d\u00e2??utiliser un sucre liquide permet de ne pas sentir les cristaux du sucre \u00e0 la d\u00e9gustation du cocktail.<\/p>\n\n\n\n<p>\u00c9TAPE 7 : Pilez<br>\u00c3?crasez le citron avec un pilon sp\u00e9cial cocktail. Il est important que la menthe soit au fond du verre afin qu&rsquo;elle soit prot\u00e9g\u00e9e \u00e0 la fois par le sirop de sucre de canne et par les morceaux de citron.<\/p>\n\n\n\n<p>\u00c9TAPE 8 : Ajoutez la glace pil\u00e9e<br>Ajoutez la glace pil\u00e9e en laissant 2 cm de libre. Plus il y a de glace, moins elle fondra rapidement.<\/p>\n\n\n\n<p>\u00c9TAPE 9 : Ajoutez le rhum<br>Ajoutez le rhum.<\/p>\n\n\n\n<p>\u00c9TAPE 10 : Ajoutez l&rsquo;eau gazeuse<br>Compl\u00e9tez avec l&rsquo;eau gazeuse.<\/p>\n\n\n\n<p>\u00c9TAPE 11 : M\u00e9langez<br>M\u00e9langez le cocktail afin que les saveur se m\u00ealent.<\/p>\n\n\n\n<p>\u00c9TAPE 12 : Servez et d\u00e9gustez<br>Le mojito se sert avec deux pailles qui vont permettre de m\u00e9langer le cocktail au fur et \u00e0 mesure de la d\u00e9gustation.<\/p>\n\n\n\n<p><\/p>\n","protected":false},"excerpt":{"rendered":"<p>Ingr\u00e9dients pour 6 personnes 24 cl de rhum blanc 12 cl de sirop de sucre de canne 24 feuilles de menthe 3 citrons verts eau gazeuse \u00e0 discr\u00e9tion 30 gla\u00e7ons Pr\u00e9paration \u00c9TAPE 1 : Pilez &hellip;<\/p>\n","protected":false},"author":7,"featured_media":354,"parent":0,"menu_order":0,"comment_status":"closed","ping_status":"closed","template":"","meta":[],"_links":{"self":[{"href":"https:\/\/dallay.net\/here\/index.php\/wp-json\/wp\/v2\/pages\/350"}],"collection":[{"href":"https:\/\/dallay.net\/here\/index.php\/wp-json\/wp\/v2\/pages"}],"about":[{"href":"https:\/\/dallay.net\/here\/index.php\/wp-json\/wp\/v2\/types\/page"}],"author":[{"embeddable":true,"href":"https:\/\/dallay.net\/here\/index.php\/wp-json\/wp\/v2\/users\/7"}],"replies":[{"embeddable":true,"href":"https:\/\/dallay.net\/here\/index.php\/wp-json\/wp\/v2\/comments?post=350"}],"version-history":[{"count":1,"href":"https:\/\/dallay.net\/here\/index.php\/wp-json\/wp\/v2\/pages\/350\/revisions"}],"predecessor-version":[{"id":353,"href":"https:\/\/dallay.net\/here\/index.php\/wp-json\/wp\/v2\/pages\/350\/revisions\/353"}],"wp:featuredmedia":[{"embeddable":true,"href":"https:\/\/dallay.net\/here\/index.php\/wp-json\/wp\/v2\/media\/354"}],"wp:attachment":[{"href":"https:\/\/dallay.net\/here\/index.php\/wp-json\/wp\/v2\/media?parent=350"}],"curies":[{"name":"wp","href":"https:\/\/api.w.org\/{rel}","templated":true}]}}