{"id":414,"date":"2020-05-03T11:39:00","date_gmt":"2020-05-03T09:39:00","guid":{"rendered":"https:\/\/dallay.net\/here\/?page_id=414"},"modified":"2020-05-03T11:39:01","modified_gmt":"2020-05-03T09:39:01","slug":"le-poulet-creole-a-la-papoute-le-grand","status":"publish","type":"page","link":"https:\/\/dallay.net\/here\/index.php\/le-poulet-creole-a-la-papoute-le-grand\/","title":{"rendered":"Le poulet cr\u00e9ole \u00e0 la Papoute (le grand)"},"content":{"rendered":"\n<p><strong>Ingr\u00e9dients (6 personnes)<\/strong><br><\/p>\n\n\n\n<ul><li>6 gros blancs de poulets ou 6 cuisses (les blancs, c\u2019est plus facile parce que si vous choisissez les cuisses, il faut enlever la peau)<\/li><li>3 grosses bo\u00eetes de tomates l\u2019hiver et 2 kg de tomates bien m\u00fbres l\u2019\u00e9t\u00e9<\/li><li>2 poivrons (l\u2019\u00e9t\u00e9)<\/li><li>3 oignons<\/li><li>3 gousses d\u2019ail<\/li><li>1 morceau de gingembre (20 g)<\/li><li>6 cuiller\u00e9es d\u2019huile d\u2019olive<\/li><li>Riz pour 6<\/li><li>500 g de lentilles<\/li><li>Epices :<\/li><li>3 cuill\u00e8res \u00e0 soupe de curcuma<\/li><li>1 cuill\u00e8re \u00e0 caf\u00e9 de piment (ou plus)<\/li><li>sel<\/li><li>poivre<\/li><\/ul>\n\n\n\n<p><br><strong>Pr\u00e9paration:<\/strong><\/p>\n\n\n\n<p>Couper les escalopes de poulet en morceaux de 4 cm sur 4 sauf si c\u2019est des cuisses.<br>Faire revenir dans l\u2019huile d\u2019olive les oignons, l\u2019ail, le gingembre et les poivrons dans une cocotte.<br>Ajouter les morceaux de poulet et les faire revenir aussi.<br>Puis, ajouter les tomates coup\u00e9es en gros morceaux, le sel, le poivre, le curcuma, le piment.<br>Faire cuire \u00e0 feu doux pendant 2 heures (minimum) \u00e0 la cocotte et 8h \u00e0 la mijoteuse.<br>A servir avec du riz et des lentilles.<\/p>\n","protected":false},"excerpt":{"rendered":"<p>Ingr\u00e9dients (6 personnes) 6 gros blancs de poulets ou 6 cuisses (les blancs, c\u2019est plus facile parce que si vous choisissez les cuisses, il faut enlever la peau) 3 grosses bo\u00eetes de tomates l\u2019hiver et &hellip;<\/p>\n","protected":false},"author":7,"featured_media":416,"parent":0,"menu_order":0,"comment_status":"closed","ping_status":"closed","template":"","meta":[],"_links":{"self":[{"href":"https:\/\/dallay.net\/here\/index.php\/wp-json\/wp\/v2\/pages\/414"}],"collection":[{"href":"https:\/\/dallay.net\/here\/index.php\/wp-json\/wp\/v2\/pages"}],"about":[{"href":"https:\/\/dallay.net\/here\/index.php\/wp-json\/wp\/v2\/types\/page"}],"author":[{"embeddable":true,"href":"https:\/\/dallay.net\/here\/index.php\/wp-json\/wp\/v2\/users\/7"}],"replies":[{"embeddable":true,"href":"https:\/\/dallay.net\/here\/index.php\/wp-json\/wp\/v2\/comments?post=414"}],"version-history":[{"count":1,"href":"https:\/\/dallay.net\/here\/index.php\/wp-json\/wp\/v2\/pages\/414\/revisions"}],"predecessor-version":[{"id":415,"href":"https:\/\/dallay.net\/here\/index.php\/wp-json\/wp\/v2\/pages\/414\/revisions\/415"}],"wp:featuredmedia":[{"embeddable":true,"href":"https:\/\/dallay.net\/here\/index.php\/wp-json\/wp\/v2\/media\/416"}],"wp:attachment":[{"href":"https:\/\/dallay.net\/here\/index.php\/wp-json\/wp\/v2\/media?parent=414"}],"curies":[{"name":"wp","href":"https:\/\/api.w.org\/{rel}","templated":true}]}}