{"id":596,"date":"2020-12-25T17:14:29","date_gmt":"2020-12-25T16:14:29","guid":{"rendered":"https:\/\/dallay.net\/here\/?page_id=596"},"modified":"2020-12-25T19:59:33","modified_gmt":"2020-12-25T18:59:33","slug":"596-2","status":"publish","type":"page","link":"https:\/\/dallay.net\/here\/index.php\/596-2\/","title":{"rendered":"Curry de poulet Penang \u00e0 la mijoteuse"},"content":{"rendered":"\n<blockquote class=\"wp-block-quote\"><p>Pr\u00e9paration 10 min. Cuisson \u00e0 la mijoteuse 2h + 1h<\/p><\/blockquote>\n\n\n\n<p><strong>Ingr\u00e9dients pour 6, 10, 12 et 16 personnes<\/strong><\/p>\n\n\n\n<ul><li>\u00a0Blancs de poulet en morceaux\u00a0: 1kg, 2kg, 2,4kg et 3,2kg<\/li><li>P\u00e2te de curry rouge (pot 160g)\u00a0: \u00bd, 3\/4 , 1 et 2 pots.\u00a0<\/li><li>Cr\u00e8me de coco\u00a0:\u00a0\u00a060cl, 1l, 1,2l et 1,6l<\/li><li>Feuilles de coriandre\u00a0<\/li><li>Piments rouges \u00e9minc\u00e9s ou poivrons rouges\u00a0<\/li><li>Option\u00a0: cacahu\u00e8tes\u00a0ou noix de cajou<\/li><li>Servir avec du riz au jasmin\u00a0ou basmati<\/li><\/ul>\n\n\n\n<p><strong>Pr\u00e9paration<\/strong><\/p>\n\n\n\n<p>Mettre dans la mijoteuse le poulet et la p\u00e2te de curry, m\u00e9langer et mettre \u00e0 cuire 2h \u00e0 chaleur vive.<\/p>\n\n\n\n<p>Versez la cr\u00e8me de coco et poursuivre la cuisson 1h.&nbsp;<\/p>\n\n\n\n<p>Servez dans des bols individuels parsem\u00e9 de coriandre et de piments rouges ou poivrons (+ cacahu\u00e8tes). Accompagnez de riz.<\/p>\n","protected":false},"excerpt":{"rendered":"<p>Pr\u00e9paration 10 min. Cuisson \u00e0 la mijoteuse 2h + 1h Ingr\u00e9dients pour 6, 10, 12 et 16 personnes \u00a0Blancs de poulet en morceaux\u00a0: 1kg, 2kg, 2,4kg et 3,2kg P\u00e2te de curry rouge (pot 160g)\u00a0: \u00bd, &hellip;<\/p>\n","protected":false},"author":2,"featured_media":0,"parent":0,"menu_order":0,"comment_status":"closed","ping_status":"closed","template":"","meta":[],"_links":{"self":[{"href":"https:\/\/dallay.net\/here\/index.php\/wp-json\/wp\/v2\/pages\/596"}],"collection":[{"href":"https:\/\/dallay.net\/here\/index.php\/wp-json\/wp\/v2\/pages"}],"about":[{"href":"https:\/\/dallay.net\/here\/index.php\/wp-json\/wp\/v2\/types\/page"}],"author":[{"embeddable":true,"href":"https:\/\/dallay.net\/here\/index.php\/wp-json\/wp\/v2\/users\/2"}],"replies":[{"embeddable":true,"href":"https:\/\/dallay.net\/here\/index.php\/wp-json\/wp\/v2\/comments?post=596"}],"version-history":[{"count":5,"href":"https:\/\/dallay.net\/here\/index.php\/wp-json\/wp\/v2\/pages\/596\/revisions"}],"predecessor-version":[{"id":614,"href":"https:\/\/dallay.net\/here\/index.php\/wp-json\/wp\/v2\/pages\/596\/revisions\/614"}],"wp:attachment":[{"href":"https:\/\/dallay.net\/here\/index.php\/wp-json\/wp\/v2\/media?parent=596"}],"curies":[{"name":"wp","href":"https:\/\/api.w.org\/{rel}","templated":true}]}}